{"id":251,"date":"2014-04-09T20:18:26","date_gmt":"2014-04-09T19:18:26","guid":{"rendered":"http:\/\/www.christinemaigne.fr\/?page_id=251"},"modified":"2015-07-28T10:41:09","modified_gmt":"2015-07-28T09:41:09","slug":"at-work","status":"publish","type":"page","link":"https:\/\/www.christinemaigne.fr\/?page_id=251","title":{"rendered":"Photos at work"},"content":{"rendered":"\n\t\t<style type=\"text\/css\">\n\t\t\t#gallery-1 {\n\t\t\t\tmargin: auto;\n\t\t\t}\n\t\t\t#gallery-1 .gallery-item {\n\t\t\t\tfloat: left;\n\t\t\t\tmargin-top: 10px;\n\t\t\t\ttext-align: center;\n\t\t\t\twidth: 25%;\n\t\t\t}\n\t\t\t#gallery-1 img {\n\t\t\t\tborder: 2px solid #cfcfcf;\n\t\t\t}\n\t\t\t#gallery-1 .gallery-caption {\n\t\t\t\tmargin-left: 0;\n\t\t\t}\n\t\t\t\/* see gallery_shortcode() in wp-includes\/media.php *\/\n\t\t<\/style>\n\t\t<div id='gallery-1' class='gallery galleryid-251 gallery-columns-4 gallery-size-thumbnail'><dl class='gallery-item'>\n\t\t\t<dt class='gallery-icon landscape'>\n\t\t\t\t<a href='https:\/\/www.christinemaigne.fr\/wp-content\/uploads\/2014\/04\/P5240291.rec_.jpeg' rel=\"lightbox[251]\"><img loading=\"lazy\" decoding=\"async\" width=\"189\" height=\"189\" src=\"https:\/\/www.christinemaigne.fr\/wp-content\/uploads\/2014\/04\/P5240291.rec_-189x189.jpeg\" class=\"attachment-thumbnail size-thumbnail\" alt=\"\" aria-describedby=\"gallery-1-1199\" \/><\/a>\n\t\t\t<\/dt>\n\t\t\t\t<dd class='wp-caption-text gallery-caption' id='gallery-1-1199'>\n\t\t\t\tIslande, 2014\n\t\t\t\t<\/dd><\/dl><dl class='gallery-item'>\n\t\t\t<dt class='gallery-icon landscape'>\n\t\t\t\t<a href='https:\/\/www.christinemaigne.fr\/wp-content\/uploads\/2014\/04\/P5240260.jpeg' rel=\"lightbox[251]\"><img loading=\"lazy\" decoding=\"async\" width=\"189\" height=\"189\" src=\"https:\/\/www.christinemaigne.fr\/wp-content\/uploads\/2014\/04\/P5240260-189x189.jpeg\" class=\"attachment-thumbnail size-thumbnail\" alt=\"\" aria-describedby=\"gallery-1-1198\" \/><\/a>\n\t\t\t<\/dt>\n\t\t\t\t<dd class='wp-caption-text gallery-caption' id='gallery-1-1198'>\n\t\t\t\tIslande, 2014\n\t\t\t\t<\/dd><\/dl><dl class='gallery-item'>\n\t\t\t<dt class='gallery-icon landscape'>\n\t\t\t\t<a href='https:\/\/www.christinemaigne.fr\/wp-content\/uploads\/2014\/04\/01_DSC6810-2w.jpg' rel=\"lightbox[251]\"><img loading=\"lazy\" decoding=\"async\" width=\"189\" height=\"189\" src=\"https:\/\/www.christinemaigne.fr\/wp-content\/uploads\/2014\/04\/01_DSC6810-2w-189x189.jpg\" class=\"attachment-thumbnail size-thumbnail\" alt=\"\" aria-describedby=\"gallery-1-422\" \/><\/a>\n\t\t\t<\/dt>\n\t\t\t\t<dd class='wp-caption-text gallery-caption' id='gallery-1-422'>\n\t\t\t\tAtelier, 2013 | photo Laurence Godart\n\t\t\t\t<\/dd><\/dl><dl class='gallery-item'>\n\t\t\t<dt class='gallery-icon landscape'>\n\t\t\t\t<a href='https:\/\/www.christinemaigne.fr\/wp-content\/uploads\/2014\/04\/02_DSC6903.jpg' rel=\"lightbox[251]\"><img loading=\"lazy\" decoding=\"async\" width=\"189\" height=\"189\" src=\"https:\/\/www.christinemaigne.fr\/wp-content\/uploads\/2014\/04\/02_DSC6903-189x189.jpg\" class=\"attachment-thumbnail size-thumbnail\" alt=\"\" aria-describedby=\"gallery-1-423\" \/><\/a>\n\t\t\t<\/dt>\n\t\t\t\t<dd class='wp-caption-text gallery-caption' id='gallery-1-423'>\n\t\t\t\tAtelier, 2013 | photo Laurence Godart\n\t\t\t\t<\/dd><\/dl><br style=\"clear: both\" \/><dl class='gallery-item'>\n\t\t\t<dt class='gallery-icon landscape'>\n\t\t\t\t<a href='https:\/\/www.christinemaigne.fr\/wp-content\/uploads\/2014\/04\/03P1020180.ret_.jpg' rel=\"lightbox[251]\"><img loading=\"lazy\" decoding=\"async\" width=\"189\" height=\"189\" src=\"https:\/\/www.christinemaigne.fr\/wp-content\/uploads\/2014\/04\/03P1020180.ret_-189x189.jpg\" class=\"attachment-thumbnail size-thumbnail\" alt=\"\" aria-describedby=\"gallery-1-424\" \/><\/a>\n\t\t\t<\/dt>\n\t\t\t\t<dd class='wp-caption-text gallery-caption' id='gallery-1-424'>\n\t\t\t\tAtelier, 2013 | photo Andr\u00e9 Maigne\n\t\t\t\t<\/dd><\/dl><dl class='gallery-item'>\n\t\t\t<dt class='gallery-icon landscape'>\n\t\t\t\t<a href='https:\/\/www.christinemaigne.fr\/wp-content\/uploads\/2014\/04\/04_DSC6828.jpg' rel=\"lightbox[251]\"><img loading=\"lazy\" decoding=\"async\" width=\"189\" height=\"189\" src=\"https:\/\/www.christinemaigne.fr\/wp-content\/uploads\/2014\/04\/04_DSC6828-189x189.jpg\" class=\"attachment-thumbnail size-thumbnail\" alt=\"\" aria-describedby=\"gallery-1-425\" \/><\/a>\n\t\t\t<\/dt>\n\t\t\t\t<dd class='wp-caption-text gallery-caption' id='gallery-1-425'>\n\t\t\t\tAtelier, 2013\n\t\t\t\t<\/dd><\/dl><dl class='gallery-item'>\n\t\t\t<dt class='gallery-icon landscape'>\n\t\t\t\t<a href='https:\/\/www.christinemaigne.fr\/wp-content\/uploads\/2014\/04\/05c-maigne-print014ret.jpg' rel=\"lightbox[251]\"><img loading=\"lazy\" decoding=\"async\" width=\"189\" height=\"189\" src=\"https:\/\/www.christinemaigne.fr\/wp-content\/uploads\/2014\/04\/05c-maigne-print014ret-189x189.jpg\" class=\"attachment-thumbnail size-thumbnail\" alt=\"\" aria-describedby=\"gallery-1-426\" \/><\/a>\n\t\t\t<\/dt>\n\t\t\t\t<dd class='wp-caption-text gallery-caption' id='gallery-1-426'>\n\t\t\t\tCupules, Coll\u00e8ge de Grigny, 2012\n\t\t\t\t<\/dd><\/dl><dl class='gallery-item'>\n\t\t\t<dt class='gallery-icon landscape'>\n\t\t\t\t<a href='https:\/\/www.christinemaigne.fr\/wp-content\/uploads\/2014\/04\/06IMG_2562.jpg' rel=\"lightbox[251]\"><img loading=\"lazy\" decoding=\"async\" width=\"189\" height=\"189\" src=\"https:\/\/www.christinemaigne.fr\/wp-content\/uploads\/2014\/04\/06IMG_2562-189x189.jpg\" class=\"attachment-thumbnail size-thumbnail\" alt=\"\" aria-describedby=\"gallery-1-427\" \/><\/a>\n\t\t\t<\/dt>\n\t\t\t\t<dd class='wp-caption-text gallery-caption' id='gallery-1-427'>\n\t\t\t\tCupules, Coll\u00e8ge de Grigny, 2012\n\t\t\t\t<\/dd><\/dl><br style=\"clear: both\" \/><dl class='gallery-item'>\n\t\t\t<dt class='gallery-icon landscape'>\n\t\t\t\t<a href='https:\/\/www.christinemaigne.fr\/wp-content\/uploads\/2014\/04\/07-12-chantier-caen.jpg' rel=\"lightbox[251]\"><img loading=\"lazy\" decoding=\"async\" width=\"189\" height=\"189\" src=\"https:\/\/www.christinemaigne.fr\/wp-content\/uploads\/2014\/04\/07-12-chantier-caen-189x189.jpg\" class=\"attachment-thumbnail size-thumbnail\" alt=\"\" aria-describedby=\"gallery-1-428\" \/><\/a>\n\t\t\t<\/dt>\n\t\t\t\t<dd class='wp-caption-text gallery-caption' id='gallery-1-428'>\n\t\t\t\tEclosion, Ecole d&rsquo;Audrieu, 2010\n\t\t\t\t<\/dd><\/dl><dl class='gallery-item'>\n\t\t\t<dt class='gallery-icon landscape'>\n\t\t\t\t<a href='https:\/\/www.christinemaigne.fr\/wp-content\/uploads\/2014\/04\/08-IMG_1335.jpg' rel=\"lightbox[251]\"><img loading=\"lazy\" decoding=\"async\" width=\"189\" height=\"189\" src=\"https:\/\/www.christinemaigne.fr\/wp-content\/uploads\/2014\/04\/08-IMG_1335-189x189.jpg\" class=\"attachment-thumbnail size-thumbnail\" alt=\"\" aria-describedby=\"gallery-1-429\" \/><\/a>\n\t\t\t<\/dt>\n\t\t\t\t<dd class='wp-caption-text gallery-caption' id='gallery-1-429'>\n\t\t\t\tEclosion, Ecole d&rsquo;Audrieu, 2010\n\t\t\t\t<\/dd><\/dl><dl class='gallery-item'>\n\t\t\t<dt class='gallery-icon landscape'>\n\t\t\t\t<a href='https:\/\/www.christinemaigne.fr\/wp-content\/uploads\/2014\/04\/09-chantier-caen.jpg' rel=\"lightbox[251]\"><img loading=\"lazy\" decoding=\"async\" width=\"189\" height=\"189\" src=\"https:\/\/www.christinemaigne.fr\/wp-content\/uploads\/2014\/04\/09-chantier-caen-189x189.jpg\" class=\"attachment-thumbnail size-thumbnail\" alt=\"\" aria-describedby=\"gallery-1-430\" \/><\/a>\n\t\t\t<\/dt>\n\t\t\t\t<dd class='wp-caption-text gallery-caption' id='gallery-1-430'>\n\t\t\t\tEclosion, Ecole d&rsquo;Audrieu, 2010\n\t\t\t\t<\/dd><\/dl><dl class='gallery-item'>\n\t\t\t<dt class='gallery-icon landscape'>\n\t\t\t\t<a href='https:\/\/www.christinemaigne.fr\/wp-content\/uploads\/2014\/04\/10-IMG_0250.jpg' rel=\"lightbox[251]\"><img loading=\"lazy\" decoding=\"async\" width=\"189\" height=\"189\" src=\"https:\/\/www.christinemaigne.fr\/wp-content\/uploads\/2014\/04\/10-IMG_0250-189x189.jpg\" class=\"attachment-thumbnail size-thumbnail\" alt=\"\" aria-describedby=\"gallery-1-431\" \/><\/a>\n\t\t\t<\/dt>\n\t\t\t\t<dd class='wp-caption-text gallery-caption' id='gallery-1-431'>\n\t\t\t\tEclosion, Ecole d&rsquo;Audrieu, 2010\n\t\t\t\t<\/dd><\/dl><br style=\"clear: both\" \/><dl class='gallery-item'>\n\t\t\t<dt class='gallery-icon landscape'>\n\t\t\t\t<a href='https:\/\/www.christinemaigne.fr\/wp-content\/uploads\/2014\/04\/11-IMG_8211.jpg' rel=\"lightbox[251]\"><img loading=\"lazy\" decoding=\"async\" width=\"189\" height=\"189\" src=\"https:\/\/www.christinemaigne.fr\/wp-content\/uploads\/2014\/04\/11-IMG_8211-189x189.jpg\" class=\"attachment-thumbnail size-thumbnail\" alt=\"\" aria-describedby=\"gallery-1-432\" \/><\/a>\n\t\t\t<\/dt>\n\t\t\t\t<dd class='wp-caption-text gallery-caption' id='gallery-1-432'>\n\t\t\t\tPrises de vues dans la neige\n\t\t\t\t<\/dd><\/dl><dl class='gallery-item'>\n\t\t\t<dt class='gallery-icon landscape'>\n\t\t\t\t<a href='https:\/\/www.christinemaigne.fr\/wp-content\/uploads\/2014\/04\/12-DSCF5026.ret_.jpg' rel=\"lightbox[251]\"><img loading=\"lazy\" decoding=\"async\" width=\"189\" height=\"189\" src=\"https:\/\/www.christinemaigne.fr\/wp-content\/uploads\/2014\/04\/12-DSCF5026.ret_-189x189.jpg\" class=\"attachment-thumbnail size-thumbnail\" alt=\"\" aria-describedby=\"gallery-1-433\" \/><\/a>\n\t\t\t<\/dt>\n\t\t\t\t<dd class='wp-caption-text gallery-caption' id='gallery-1-433'>\n\t\t\t\tmplants, r\u00e9sidence \u00e0 l&rsquo;HduSi\u00e8ge, Valenciennes, 2004 | photo Philippe Betrancourt\n\t\t\t\t<\/dd><\/dl><dl class='gallery-item'>\n\t\t\t<dt class='gallery-icon landscape'>\n\t\t\t\t<a href='https:\/\/www.christinemaigne.fr\/wp-content\/uploads\/2014\/04\/13-DSCF5057ret.jpg' rel=\"lightbox[251]\"><img loading=\"lazy\" decoding=\"async\" width=\"189\" height=\"189\" src=\"https:\/\/www.christinemaigne.fr\/wp-content\/uploads\/2014\/04\/13-DSCF5057ret-189x189.jpg\" class=\"attachment-thumbnail size-thumbnail\" alt=\"\" aria-describedby=\"gallery-1-434\" \/><\/a>\n\t\t\t<\/dt>\n\t\t\t\t<dd class='wp-caption-text gallery-caption' id='gallery-1-434'>\n\t\t\t\tImplants, r\u00e9sidence \u00e0 l&rsquo;HduSi\u00e8ge, Valenciennes, 2004\n\t\t\t\t<\/dd><\/dl><dl class='gallery-item'>\n\t\t\t<dt class='gallery-icon landscape'>\n\t\t\t\t<a href='https:\/\/www.christinemaigne.fr\/wp-content\/uploads\/2014\/04\/14-DSCF5465.ret_.jpg' rel=\"lightbox[251]\"><img loading=\"lazy\" decoding=\"async\" width=\"189\" height=\"189\" src=\"https:\/\/www.christinemaigne.fr\/wp-content\/uploads\/2014\/04\/14-DSCF5465.ret_-189x189.jpg\" class=\"attachment-thumbnail size-thumbnail\" alt=\"\" aria-describedby=\"gallery-1-435\" \/><\/a>\n\t\t\t<\/dt>\n\t\t\t\t<dd class='wp-caption-text gallery-caption' id='gallery-1-435'>\n\t\t\t\tImplants, r\u00e9sidence \u00e0 l&rsquo;HduSi\u00e8ge, Valenciennes, 2004\n\t\t\t\t<\/dd><\/dl><br style=\"clear: both\" \/><dl class='gallery-item'>\n\t\t\t<dt class='gallery-icon landscape'>\n\t\t\t\t<a href='https:\/\/www.christinemaigne.fr\/wp-content\/uploads\/2014\/04\/15-0017.jpg' rel=\"lightbox[251]\"><img loading=\"lazy\" decoding=\"async\" width=\"189\" height=\"189\" src=\"https:\/\/www.christinemaigne.fr\/wp-content\/uploads\/2014\/04\/15-0017-189x189.jpg\" class=\"attachment-thumbnail size-thumbnail\" alt=\"\" aria-describedby=\"gallery-1-436\" \/><\/a>\n\t\t\t<\/dt>\n\t\t\t\t<dd class='wp-caption-text gallery-caption' id='gallery-1-436'>\n\t\t\t\tR\u00e9alisation du cube Le plus h\u00e9riss\u00e9 du champ d&rsquo;exp\u00e9riences, Maison des Compagnons du Devoir, Le Mans\n\t\t\t\t<\/dd><\/dl><dl class='gallery-item'>\n\t\t\t<dt class='gallery-icon landscape'>\n\t\t\t\t<a href='https:\/\/www.christinemaigne.fr\/wp-content\/uploads\/2014\/04\/16-0016.jpg' rel=\"lightbox[251]\"><img loading=\"lazy\" decoding=\"async\" width=\"189\" height=\"189\" src=\"https:\/\/www.christinemaigne.fr\/wp-content\/uploads\/2014\/04\/16-0016-189x189.jpg\" class=\"attachment-thumbnail size-thumbnail\" alt=\"\" aria-describedby=\"gallery-1-437\" \/><\/a>\n\t\t\t<\/dt>\n\t\t\t\t<dd class='wp-caption-text gallery-caption' id='gallery-1-437'>\n\t\t\t\tLe champ d&rsquo;exp\u00e9riences, Angers, 2001\n\t\t\t\t<\/dd><\/dl><dl class='gallery-item'>\n\t\t\t<dt class='gallery-icon landscape'>\n\t\t\t\t<a href='https:\/\/www.christinemaigne.fr\/wp-content\/uploads\/2014\/04\/17-0008.jpg' rel=\"lightbox[251]\"><img loading=\"lazy\" decoding=\"async\" width=\"189\" height=\"189\" src=\"https:\/\/www.christinemaigne.fr\/wp-content\/uploads\/2014\/04\/17-0008-189x189.jpg\" class=\"attachment-thumbnail size-thumbnail\" alt=\"\" aria-describedby=\"gallery-1-438\" \/><\/a>\n\t\t\t<\/dt>\n\t\t\t\t<dd class='wp-caption-text gallery-caption' id='gallery-1-438'>\n\t\t\t\tLe potager, centre ville de Montr\u00e9al, 1999\n\t\t\t\t<\/dd><\/dl>\n\t\t\t<br style='clear: both' \/>\n\t\t<\/div>\n\n","protected":false},"excerpt":{"rendered":"","protected":false},"author":1,"featured_media":0,"parent":0,"menu_order":0,"comment_status":"open","ping_status":"open","template":"page-bio.php","meta":{"_acf_changed":false,"footnotes":""},"class_list":["post-251","page","type-page","status-publish","hentry"],"acf":[],"_links":{"self":[{"href":"https:\/\/www.christinemaigne.fr\/index.php?rest_route=\/wp\/v2\/pages\/251","targetHints":{"allow":["GET"]}}],"collection":[{"href":"https:\/\/www.christinemaigne.fr\/index.php?rest_route=\/wp\/v2\/pages"}],"about":[{"href":"https:\/\/www.christinemaigne.fr\/index.php?rest_route=\/wp\/v2\/types\/page"}],"author":[{"embeddable":true,"href":"https:\/\/www.christinemaigne.fr\/index.php?rest_route=\/wp\/v2\/users\/1"}],"replies":[{"embeddable":true,"href":"https:\/\/www.christinemaigne.fr\/index.php?rest_route=%2Fwp%2Fv2%2Fcomments&post=251"}],"version-history":[{"count":5,"href":"https:\/\/www.christinemaigne.fr\/index.php?rest_route=\/wp\/v2\/pages\/251\/revisions"}],"predecessor-version":[{"id":1200,"href":"https:\/\/www.christinemaigne.fr\/index.php?rest_route=\/wp\/v2\/pages\/251\/revisions\/1200"}],"wp:attachment":[{"href":"https:\/\/www.christinemaigne.fr\/index.php?rest_route=%2Fwp%2Fv2%2Fmedia&parent=251"}],"curies":[{"name":"wp","href":"https:\/\/api.w.org\/{rel}","templated":true}]}}