{"id":240,"date":"2014-04-08T10:23:56","date_gmt":"2014-04-08T09:23:56","guid":{"rendered":"http:\/\/www.christinemaigne.fr\/?page_id=240"},"modified":"2015-08-07T17:40:37","modified_gmt":"2015-08-07T16:40:37","slug":"cv","status":"publish","type":"page","link":"https:\/\/www.christinemaigne.fr\/?page_id=240","title":{"rendered":"CV"},"content":{"rendered":"<p>CHRISTINE MAIGNE<\/p>\n<p>Vit et travaille \u00e0 Paris (Villejuif)<br \/>\nRepr\u00e9sent\u00e9e par la galerie NextLevel, Paris<\/p>\n<p>EXPOSITIONS PERSONNELLES<\/p>\n<p>2014 | In vitro | Galerie NextLevel, Paris<br \/>\n2014 | R\u00e9manence II | Plateforme, Paris<br \/>\n2014 | L\u2019appartement \u2013 Moments artistiques | chez Christian Aubert, Paris<br \/>\n2010 | R\u00e9manence | Artoth\u00e8que de Caen<br \/>\n2006 | Le bug | Espace d\u2019Art Contemporain Camille Lambert, Juvisy-sur-Orge<br \/>\n2005 | Implants | L\u2019H du Si\u00e8ge, Valenciennes<br \/>\n2001 | Eruption II | Dare Dare \u2013 Centre de diffusion d\u2019art multidisciplinaire, Montr\u00e9al (Canada)<br \/>\n2000 | Le\u00e7on de jardinage | Articule, Montr\u00e9al (Canada)<br \/>\n2000 | \u00c9ruption I | Chemin d\u2019art, Saint-Flour (Cantal)<br \/>\n1999 | Le potager \u2013 projet in situ sur un terrain de 500 m2 en centre ville | Galerie Vox \u2013 Centre d\u2019art photographique, \u00e9diteur de la revue Vox, Montr\u00e9al (Canada)<br \/>\n1997 | Trous coulants | Galerie du Haut-Pav\u00e9, Paris<br \/>\n1994 | Colorless green ideas | Galerie Zenit, Copenhague (Danemark)<br \/>\n1994 | Pur et dru | Galerie Sud, Bagneux<\/p>\n<p>REALISATIONS MONUMENTALES<\/p>\n<p>2011-2012 | Cupules \u2013 1% artistique, jardin et bassin de r\u00e9tention \u2013 30 \u00e9l\u00e9ments en b\u00e9ton \u2013 600 m2 | Coll\u00e8ge de Grigny (Essonne)<\/p>\n<p>2009-2010 | \u00c9closion \u20131% artistique, jardin et cour de r\u00e9cr\u00e9ation \u2013 model\u00e9s de terrain et 30 \u00e9l\u00e9ments en b\u00e9ton | Groupe scolaire de la communaut\u00e9 de commune du Val de Seulles, Audrieu (Basse-Normandie).<\/p>\n<p>2001-2002 | Le champ d\u2019exp\u00e9riences \u2013 projet en b\u00e9ton pour les Compagnons du devoir, ensemble de 10 cellules d\u2019\u00e9chelle architecturale sur une superficie de 500 m2 dans un jardin semi-public \u2013 avec la collaboration de Daniel Kahane, architecte | Angers.<\/p>\n<p>EXPOSITIONS COLLECTIVES (s\u00e9lection)<\/p>\n<p>2015 | Hommage \u00e0 Bernard Point | Galerie du Haut Pav\u00e9, Paris<br \/>\n2013 | Il est midi \u00e0 l\u2019heure de maintenant II | Galerie NextLevel, Paris<br \/>\n2013 | Il est midi \u00e0 l\u2019heure de maintenant I | Galerie Fran\u00e7oise Besson, Lyon<br \/>\n2012 | Petits volumes | Galerie du Haut Pav\u00e9, Paris<br \/>\n2011 | Petits papiers | Galerie du Haut Pav\u00e9, Paris<br \/>\n2009 | Assises | MACA \u2013 Mus\u00e9e Civil d\u2019Art Contemporain, Acri (Italie)<br \/>\n2008 | Cent-une chaises-\u0153uvres | Minist\u00e8re de la Culture, Paris<br \/>\n2007 | 10 saisons | Galerie du Haut Pav\u00e9, Paris<br \/>\n2007 | Champs de mire | MAAC, Bruxelles (Belgique)<br \/>\n2006 | Galerie du Haut-Pav\u00e9, Paris<br \/>\n2005 | Dessins d\u2019artistes \u00e0 l\u2019\u00e9cole \u2013 projet IUFM de Paris en partenariat avec<br \/>\nle MACVAL | Paris<br \/>\n2003 | Art dans la ville \u2013 r\u00e9alisation in situ | L\u2019assaut de la menuiserie, Saint-Etienne<br \/>\n2003 | Le b\u00e9ton dans tous ses \u00e9tats | Centre National d\u2019Architecture \u2013 Les grands ateliers de Lisle d\u2019Abau<br \/>\n2002 | Au bord du paysage \u2013 installation dans un espace de nature | Saint-Nectaire<br \/>\n1997 | Exposition dans le cadre du colloque \u00ab l\u2019artiste dans la cit\u00e9 \u00bb | Galerie du Haut Pav\u00e9, Paris<br \/>\n1997 | Jeune Peinture | Espace Branly, Paris<br \/>\n1993 | Jeune peinture | Grand-Palais, Paris<\/p>\n<p>RESIDENCES et SEJOURS<\/p>\n<p>2009 | s\u00e9jour de 8 mois \u00e0 New York, r\u00e9alisation du projet \u00ab Respirations \u00bb toujours en cours<br \/>\n2004 | r\u00e9sidence de 3 mois \u00e0 L\u2019H du Si\u00e8ge, Valenciennes<br \/>\n1999 | r\u00e9sidence de travail de 6 mois \u00e0 l\u2019Atelier Fov\u00e9a (Galerie Vox), Montr\u00e9al<\/p>\n<p>BIBLIOGRAPHIE (PRESSE et CATALOGUES)<\/p>\n<p>2013 | Champ d\u2019exp\u00e9riences (2 pages), in Peaux de b\u00e9ton, Editions Dunod \/ participation \u00e0 la conf\u00e9rence de lancement de l\u2019ouvrage, Maison de l\u2019Architecture (retransmise sur moniteur.fr)<br \/>\n2013 | Il est midi \u00e0 l\u2019heure de maintenant, catalogue collectif (2 pages)<br \/>\n2010 | Les excroissances de Christine Maigne, in Ouest-France, 16.06.2010<br \/>\n2008 | Chaises \u00e0 part, T\u00e9l\u00e9rama Sortir, octobre 2008 (photo et texte)<br \/>\n2006 | BUG, de l\u2019art contemporain en Essonne, catalogue, Collectif des villes pour la Culture en Essonne (8 pages)<br \/>\n2006 | 10 saisons, catalogue collectif, Galerie du Haut-Pav\u00e9 (2 pages)<br \/>\n2005 | Implants, , plaquette de l\u2019exposition personnelle \u00e0 L\u2019H du Si\u00e8ge, entretien r\u00e9alis\u00e9 par Stephen Wright, 6 pages<br \/>\n2005 | Les implants de Christine Maigne, in La voix du Nord<br \/>\n2002 | L\u2019esth\u00e9tique du jardin parasite, texte de Sandrine Morsillo, in catalogue Au bord du paysage (4 pages)<br \/>\n2002 | Les bichines de Christine Maigne, texte de C\u00e9cile Jouanel, in Revue Un, Deux\u2026Quatre (2 pages)<br \/>\n2001 | Le champ d\u2019exp\u00e9riences, texte de Herv\u00e9 Cividino, in Contruction moderne n\u00b0108 (8 pages)<br \/>\n2000 | Le b\u00e9ton prend des formes, in Carnet de Chantier, novembre 2000 (4 pages)<br \/>\n2000 | Le\u00e7on de jardinage \u2013 Christine Maigne, texte d\u2019Anita Raymond, in Revue Espace n\u00b0 54. d\u00e9cembre 2000, Canada.<br \/>\n2000 | Le manuel de jardinage, manuel-catalogue, \u00e9dit\u00e9 par Articule, 24 pages<br \/>\n2000 | Christine Maigne: l\u2019ignorance des tabous, in La montagne, 30.07.2000<br \/>\n2000 | Cultures hybrides, texet de Bernard Lamarche, in Le devoir, Montr\u00e9al, 10.06.2000<br \/>\n1999 | Groovy gardening, in Mirror, Montr\u00e9al<br \/>\n1999 | Le potager de Christine Maigne, texte d\u2019El\u00e8ne Tremblay, in Plaquette de la GalerieVox, Montr\u00e9al (2 pages)<br \/>\n1998 | Christine Maigne \u2013 Les trous, texte de Huang Hsiao-Yen, in Artist magazine, Taiwan (6 pages)<br \/>\n1994 | Colorless green ideas, catalogue d\u2019exposition, \u00e9dit\u00e9 par Galerie Zenit, Copenhague<br \/>\n1994 | Christine Maigne: extrapolations rurales, in La montagne, 26.08.1994<br \/>\n1999 | Hirsute, in L\u2019Humanit\u00e9, 19.10.1994<br \/>\n1994 | Pur et dru, catalogue personnel, Editions Galerie Sud, 24 pages<br \/>\n1993 | Christine Maigne \u2013 L\u2019art de la m\u00e9tamorphose, texte de Claude Frontisi, catalogue Jeune Peinture (s\u00e9lection Regard critique).<\/p>\n<p>ETUDES<\/p>\n<p>\u2022 Ancienne \u00e9l\u00e8ve de l\u2019Ecole Normale Sup\u00e9rieure de Cachan (section Art et Design)<br \/>\n\u2022 Ma\u00eetrise (Master I) d\u2019Arts Apppliqu\u00e9s, DEA (Master II) d\u2019Arts Plastiques, Universit\u00e9 Paris I Sorbonne<br \/>\n\u2022 Agr\u00e9gation d\u2019Arts Plastiques, CAPET d\u2019Arts Appliqu\u00e9s<\/p>\n<p>\u2022 Professeur \u00e0 l\u2019ENSAAMA Olivier de Serres \u2013 \u00c9cole Nationale Sup\u00e9rieure des Art Appliqu\u00e9s et des M\u00e9tiers d\u2019Art, Paris<\/p>\n","protected":false},"excerpt":{"rendered":"<p>CHRISTINE MAIGNE Vit et travaille \u00e0 Paris (Villejuif) Repr\u00e9sent\u00e9e par la galerie NextLevel, Paris EXPOSITIONS PERSONNELLES 2014 | In vitro | Galerie NextLevel, Paris 2014 | R\u00e9manence II | Plateforme, Paris 2014 | L\u2019appartement \u2013 Moments artistiques | chez Christian &hellip; <a href=\"https:\/\/www.christinemaigne.fr\/?page_id=240\">Continue reading <span class=\"meta-nav\">&rarr;<\/span><\/a><\/p>\n","protected":false},"author":1,"featured_media":0,"parent":0,"menu_order":0,"comment_status":"open","ping_status":"open","template":"page-bio.php","meta":{"_acf_changed":false,"footnotes":""},"class_list":["post-240","page","type-page","status-publish","hentry"],"acf":[],"_links":{"self":[{"href":"https:\/\/www.christinemaigne.fr\/index.php?rest_route=\/wp\/v2\/pages\/240","targetHints":{"allow":["GET"]}}],"collection":[{"href":"https:\/\/www.christinemaigne.fr\/index.php?rest_route=\/wp\/v2\/pages"}],"about":[{"href":"https:\/\/www.christinemaigne.fr\/index.php?rest_route=\/wp\/v2\/types\/page"}],"author":[{"embeddable":true,"href":"https:\/\/www.christinemaigne.fr\/index.php?rest_route=\/wp\/v2\/users\/1"}],"replies":[{"embeddable":true,"href":"https:\/\/www.christinemaigne.fr\/index.php?rest_route=%2Fwp%2Fv2%2Fcomments&post=240"}],"version-history":[{"count":5,"href":"https:\/\/www.christinemaigne.fr\/index.php?rest_route=\/wp\/v2\/pages\/240\/revisions"}],"predecessor-version":[{"id":1338,"href":"https:\/\/www.christinemaigne.fr\/index.php?rest_route=\/wp\/v2\/pages\/240\/revisions\/1338"}],"wp:attachment":[{"href":"https:\/\/www.christinemaigne.fr\/index.php?rest_route=%2Fwp%2Fv2%2Fmedia&parent=240"}],"curies":[{"name":"wp","href":"https:\/\/api.w.org\/{rel}","templated":true}]}}